 h = 36 - 34. Suppose -3*m = -2*m - h. Suppose -m*u = -3*n - 120, 3*n - 180 = -0*u - 3*u. What is the highest common factor of u and 24?
12
Suppose 12 = 2*p + 18. Let a(w) = -6*w**2 + 7*w + 11. Let k be a(p). Let d = 102 + k. Calculate the highest common divisor of d and 19.
19
Let c = 44398 + -29691. Calculate the greatest common divisor of c and 154.
77
Suppose 542*g - 516 = -2*q + 546*g, 0 = -3*q + 2*g + 762. What is the highest common divisor of q and 1344?
84
Let m be (-2 - (-1 - 25)) + -6. Suppose -684 = 177*s - 179*s. What is the greatest common divisor of m and s?
18
Let m(l) = l**2 + 40*l - 22. Let p be m(11). Let w = p - 53. Calculate the highest common factor of w and 27.
27
Suppose 0 = 2*o + 3*p - 871, -4*o = 29*p - 30*p - 1763. Calculate the greatest common factor of 11 and o.
11
Let w = 49003 - 48986. Let a = 170 - -54. Suppose -14 = -2*p + a. What is the highest common factor of p and w?
17
Let a be (-2)/3 + 4/6. Suppose a = -2*d + d + 16. Suppose 0 = -3*u - 4*o + 416, 231 + 121 = 3*u - 4*o. What is the highest common divisor of d and u?
16
Suppose -134*l + 153*l = 190. Let o = -73 - -283. Suppose -3*p + o = -0*p. What is the greatest common factor of l and p?
10
Let i = -75 - -114. Suppose -i + 135 = -3*f. Let r = 40 + f. Calculate the highest common divisor of r and 2.
2
Let n(v) be the third derivative of -31*v**4/24 + 77*v**3/3 + 36*v**2 + v. Let h be n(4). What is the highest common factor of 10 and h?
10
Let a be (6/(-8))/((-2)/200). Suppose -540 = 9*x + 438 - 1203. Calculate the highest common divisor of x and a.
25
Suppose j + 3181 = 2*b, -22*b + j - 7956 = -27*b. What is the greatest common factor of b and 172?
43
Suppose 0 = 3*s - 0*z + 2*z - 33, 5*s + z = 55. Suppose 0 = -0*f + f - s. Let a = -23 + 34. Calculate the greatest common factor of a and f.
11
Let f be (-2 + 9 - -3)/(176/24992). Calculate the highest common divisor of f and 4544.
284
Let x(s) = -22 + 14*s + 65 - 80 - 123. Let u be x(18). Calculate the highest common factor of u and 322.
46
Let z be (26 + -24)*(-6363)/(-6). What is the highest common divisor of z and 273?
21
Let m(c) = 2*c**2 - 33*c - 191. Let j be m(-5). Let q = 387 - -165. Calculate the highest common divisor of q and j.
24
Suppose 5*o - 717 - 713 = 0. Suppose 129*r + 89*r - 7209 = -1541. What is the highest common divisor of o and r?
26
Let n = -14801 - -15430. Let j = 92 + -55. What is the highest common factor of n and j?
37
Let a be 10/(2 + 12/(-5)). Let y = a - -25. Let c(h) = h**3 + h**2 + 2. Let r be c(y). What is the highest common divisor of 2 and r?
2
Let i be ((-600)/14)/(21/(-98)). Let q = 89 + -64. What is the greatest common factor of q and i?
25
Let z(m) = m**3 - 35*m**2 - 32*m - 14. Let n be z(36). Suppose 0 = -n*i + 129*i + 64. Let f = -4 + 12. Calculate the greatest common divisor of f and i.
8
Let p(b) = 4*b - 41. Let o(x) = 10*x - 122. Let c(r) = -6*o(r) + 17*p(r). Let a be c(-3). Calculate the highest common divisor of a and 77.
11
Let o = 12874 + -12844. Calculate the highest common divisor of 1185 and o.
15
Let a(g) = 8*g - 43. Let v be a(6). Suppose -3*p = v + 7, 0 = i - 2*p - 96. What is the greatest common factor of i and 16?
8
Suppose 3*q = 5*z + 58, q + 0*q + z - 22 = 0. Let x(j) = -2*j**2 + 45*j - 51. Let b be x(q). Let g = 1 + 2. Calculate the greatest common factor of b and g.
3
Suppose 33*g - 35*g = 194. Let w = g - -62. Let s = w + 37. Calculate the greatest common divisor of s and 32.
2
Let n be 26/(-169) + 32/39 + (-296)/(-6). Calculate the greatest common divisor of 350 and n.
50
Suppose -70 = -5*s + 3*s. Let a = -1221 - -1231. Calculate the highest common divisor of s and a.
5
Let d(l) = 7*l - 27. Let j(r) = 16*r - 53. Let y(q) = 9*d(q) - 4*j(q). Let b be y(-37). What is the highest common divisor of b and 24?
6
Suppose -90*m + 92*m = -240. Let v = -82 - m. What is the greatest common divisor of 152 and v?
38
Suppose 4*k + 5*b = 92, -4*b - 44 = 16*k - 17*k. What is the greatest common factor of k and 7?
7
Let b be (7 - (0 + 2))*6/15. Suppose -b*j + 444 - 334 = 0. Let l = 39 + -17. What is the greatest common divisor of l and j?
11
Suppose 17*b - 40 = 22*b. Let q be 324/(-27)*b/6. What is the highest common divisor of 4 and q?
4
Suppose -13*u + 4*u + 297 = 0. Suppose u*a - 900 = -3*a. Calculate the highest common divisor of a and 125.
25
Let i = 11026 + -11011. Calculate the highest common divisor of 7395 and i.
15
Suppose -3*r - m + 598 = 0, 2*r - 18 = 5*m + 392. Calculate the greatest common divisor of r and 375.
25
Suppose -249*d + 216*d + 561 = 0. What is the highest common factor of d and 1513?
17
Let h be (-38 - -3 - -3)*(3 + (-85)/5). Calculate the greatest common divisor of h and 42.
14
Let l be ((-1)/(10/(-198)))/(1705/50 + -34). Calculate the highest common divisor of l and 6039.
99
Suppose 5*y = 7*y + 20. Let f(m) = 8*m + 95. Let h be f(y). Let x = 13 - 7. Calculate the greatest common divisor of x and h.
3
Suppose 0 = 2*g + 4*i - 256, 1290*i - 408 = -4*g + 1295*i. What is the highest common factor of g and 805?
7
Let u(f) = -993*f + 17061. Let y be u(17). Calculate the greatest common divisor of y and 7740.
180
Let w(b) = -45*b - 1710. Let p be w(-81). Calculate the highest common divisor of 30 and p.
15
Let z = 1918 + -68. Calculate the greatest common factor of 100 and z.
50
Let j(h) = 3*h**2 + 3*h - 2. Let p be j(-4). Let z = p + -37. Let g(o) = -20*o - 3. Let y be g(z). What is the greatest common factor of 38 and y?
19
Let r(z) = -13*z - 77. Let c be r(-16). Let l = -110 + c. What is the highest common divisor of l and 147?
21
Let i(v) = -v**3 - 77*v**2 + 450*v + 267. Let x be i(-84). Calculate the highest common factor of x and 201.
201
Let t be 305/2*(0 - ((-126)/35)/9). Calculate the greatest common divisor of t and 122.
61
Let x = -85 - -301. Let s = -197 + x. What is the greatest common divisor of 1 and s?
1
Suppose -49*x + 16926 = -31535. What is the greatest common factor of 759 and x?
23
Suppose -3*c - 5*q + 8734 = -51429, -2*c - 2*q = -40110. Calculate the greatest common factor of 16 and c.
8
Let o be 2/(-7) + 72/7. Suppose -448*u = -449*u - 3, x + 2*u = 704. Calculate the greatest common divisor of o and x.
10
Let k be (13/(-2))/((-5)/105*105/980). Calculate the highest common divisor of 156 and k.
26
Let f(v) = -4*v - 11*v + 13*v - 38 - 7*v. Let p be f(-6). What is the greatest common divisor of 16 and p?
16
Let t(w) = w**3 - 25*w**2 + 101*w - 24. Let i be t(21). Calculate the greatest common divisor of i and 222.
111
Suppose -684*b + 21924 = -678*b. What is the highest common factor of b and 126?
126
Let n be 120/(-4140) - 17601/(-207). Calculate the greatest common divisor of 3043 and n.
17
Let d be (-51920)/264*((-18)/(-4))/(-3). Let g = d + -270. Calculate the greatest common factor of 575 and g.
25
Let p be 69 + (0 + 0)*-1. Let u(m) = -m**3 + 119*m**2 - 2477*m - 92. Let d be u(92). Calculate the highest common divisor of p and d.
69
Suppose 3*l + 2*u = -0*l + 19, 3*l - 43 = 4*u. Let m(f) = 3*f**2 - 30*f - 225. Let y be m(18). What is the greatest common factor of l and y?
9
Let j(f) = f**2 + 299*f + 3722. Let i be j(-13). Let c(y) = y - 6. Let u be c(7). Let d be (0 - -4)*u*3. What is the greatest common factor of d and i?
4
Let y(n) = 7*n + 235. Let k be y(31). Let c = -65 + k. What is the greatest common factor of c and 9?
9
Let w be 46/(((-48)/(-78))/(-4)). Let y = w + 303. What is the highest common divisor of 20 and y?
4
Let m = 555 - 550. Suppose 0*q + 99 = 3*x - 5*q, 66 = 2*x + m*q. What is the highest common factor of 33 and x?
33
Let j(m) = -9*m + 55. Let q be j(10). Let t be (-6)/(-10) - 1169/q. Suppose -2 = -4*g + 6. Calculate the greatest common divisor of t and g.
2
Let x be (-3137)/(-5) + -2 + (-6)/15. Let r be 33 + 2 + (12 - 22). What is the highest common divisor of r and x?
25
Let m be (5 + 0)*792/120. Suppose -3*z + 3*a = -1182, z - 3*a - 406 = -8*a. Calculate the highest common factor of z and m.
33
Suppose -187*o + 23873 + 26612 - 15516 = 0. Suppose 0*a + 5*h - 41 = -a, h + 53 = a. What is the highest common divisor of a and o?
17
Let o = 229 - 229. Suppose 2*d + 2 = o, 2*x + 6*d - 19 = d. What is the highest common divisor of 60 and x?
12
Suppose -198 = 2*r - 4*r. Let s(i) = 2*i**3 + 15*i**2 - 13